{"version":"1.0","type":"rich","width":"560px","height":"140px","title":"Jubil\u00e4um & Wintergatan","url":"https:\/\/schoene-ecken.de\/2023\/09\/28\/se-300-jubilaeum-wintergatan\/","author_name":"Sch\u00f6ne Ecken - Sch\u00f6ne Ecken. Urbanes, Lukullisches und \u00c4sthetisches rund um Stadtkultur.","author_url":"https:\/\/schoene-ecken.de","thumbnail_url":"https:\/\/schoene-ecken.de\/wp-content\/uploads\/2023\/09\/SE300-scaled.jpg","html":"<iframe width=\"560px\" height=\"140px\" src=\"https:\/\/schoene-ecken.de\/2023\/09\/28\/se-300-jubilaeum-wintergatan\/?standalonePlayer\"><\/iframe>"}

Jubiläum & Wintergatan

Schöne Ecken - Schöne Ecken. Urbanes, Lukullisches und Ästhetisches rund um Stadtkultur.
